10
Let j(k) = 71*k + 18. Let h be j(3). Calculate the highest common factor of 33 and h.
33
Let n(s) be the second derivative of -2*s**3/3 + 2*s**2 + s. Let r be 9/12 - 30/8. Let d be n(r). What is the greatest common divisor of 4 and d?
4
Suppose 3*i + 0*c = c + 87, -5*i + 155 = -5*c. Let t = -30 + 13. Let l = t + i. Calculate the highest common divisor of l and 77.
11
Suppose -4*o + o - 16 = -4*s, -5*s + 3*o + 23 = 0. What is the greatest common divisor of 1 and s?
1
Suppose 2*r - 200 = -3*r. Let u(n) = n**3 - 10*n**2 - 12*n + 11. Let b be u(11). Suppose b = -2*h - 9 + 41. Calculate the greatest common divisor of r and h.
8
Suppose 179 - 14 = 5*w. Suppose 0 = 2*p - 13 - 9. Calculate the greatest common factor of p and w.
11
Suppose -4*p - 2*u = -60, 3*p + u = -0*u + 47. Suppose 12*h = p*h - 110. What is the greatest common divisor of 88 and h?
22
Suppose -5*v + 3 = -g - 2*g, 2*v - 2 = g. Let x = -5 - -8. Suppose -h + g*m = 4*h - 56, -8 = -x*h - 4*m. What is the greatest common divisor of h and 72?
8
Let d be ((-6)/(-8))/((-2)/208). Let g = d - 45. Let a = 201 + g. What is the highest common divisor of 52 and a?
26
Let x(i) = i**3 + 4*i**2 - 4*i + 7. Let n be x(-5). Let t be (1/n)/(2/48). Let s be 0 + 4/6*t. What is the greatest common factor of 8 and s?
8
Suppose -3*p - 5*z + 168 = -248, 4*p - 4*z - 512 = 0. Calculate the highest common divisor of 12 and p.
12
Suppose -z = 3*z - 376. Let g = z + -51. Let a = 23 + g. Calculate the highest common divisor of 22 and a.
22
Let z = -40 + 47. Suppose -6*o + 214 = -2*o + 2*a, 300 = 5*o - 4*a. What is the highest common factor of z and o?
7
Suppose u - 32 = m - 3*m, 2*m = 2*u - 40. Let z be (-5178)/(-27) - 4/(-18). What is the greatest common divisor of u and z?
24
Let v be (-2)/((-6)/(-27)) + 2. Let h = v - -35. Let o = 28 + 14. Calculate the greatest common factor of h and o.
14
Suppose 0 = -2*k - k - 222. Let a = 10 - k. Let r be 1/(-4) - (-392)/32. Calculate the greatest common divisor of a and r.
12
Suppose -d - b = -55, -2*b + 169 = 3*d + 2*b. What is the greatest common factor of d and 255?
51
Let w = -19 + 31. Suppose -3*t + 22 = -2*u, -3*t = t + 3*u - 1. What is the highest common factor of t and w?
4
Let t = 56 - 21. Suppose -3*v + 5*i + 22 = 0, v - i = -2*v + 38. Calculate the greatest common factor of t and v.
7
Let a = 8 + 10. Let y = 36 - a. Calculate the greatest common divisor of 6 and y.
6
Suppose -3*o - 575 = -3*v + 2*o, -v = -o - 191. What is the greatest common factor of 10 and v?
10
Let r be 4/18 + 5340/27. Let z be -1 + 1 - 18/(-1). What is the highest common factor of r and z?
18
Suppose -3*z - 3*v = -318, 4*z + 185 - 625 = 4*v. Calculate the highest common divisor of z and 18.
18
Let d = 27 - 23. What is the greatest common factor of d and 8?
4
Let j be 5*(5 - (3 + 1)). Suppose -j*b + b - c + 51 = 0, 2*c + 6 = b. What is the greatest common divisor of 18 and b?
6
Suppose 3*c - 1 = 5. Suppose 3*d + c*t - 30 = -2, 8 = -2*t. Calculate the greatest common divisor of d and 24.
12
Suppose -5 - 85 = -3*d. Calculate the greatest common factor of 6 and d.
6
Suppose -2*p + 130 = 22. Let i be ((-14)/(-3))/(2/p). Calculate the highest common factor of i and 14.
14
Let o = -8 + 99. Suppose 4 - 17 = -j. Calculate the greatest common factor of j and o.
13
Suppose -3*k + 222 = -3*d, 2*k + 169 = 4*k + 5*d. Calculate the greatest common factor of 7 and k.
7
Suppose 3*b + 0*n - 6 = -3*n, 5*b - 5*n - 20 = 0. Suppose -2*c - b*c + 65 = 0. Calculate the highest common factor of 91 and c.
13
Let s(i) = 11*i + 1. Let r be s(-1). Let u be 10/(-4)*136/r. What is the greatest common factor of 85 and u?
17
Suppose -47 = 7*d - 54. Suppose 3*t = 5*x + 49, 4*t = -5*x + 2 + 5. Calculate the greatest common factor of t and d.
1
Suppose 2*u + 3*v = -4 + 26, 0 = -5*u - 5*v + 55. Calculate the greatest common factor of 22 and u.
11
Let j be 2*17 + (3 - -2 - 2). What is the highest common divisor of j and 37?
37
Suppose -5*m + 182 + 78 = 0. Calculate the greatest common factor of 13 and m.
13
Let s be (9/(-6))/(9/(-84)). Let j be (-4)/(-10) + (-132)/(-20). Calculate the highest common divisor of s and j.
7
Let w = 116 + -103. What is the highest common factor of 39 and w?
13
Suppose -w = -2*p - 2*w - 50, 0 = 5*p + 2*w + 127. Let j = p + 48. Calculate the highest common factor of j and 189.
21
Let d(j) = j**3 + 9*j**2 - 4*j - 8. Let o be d(-9). Let y = -17 + o. What is the greatest common divisor of y and 99?
11
Let w = 329 - 197. Calculate the highest common factor of w and 12.
12
Let u(l) = -l**2 - 17*l - 10. Let v be u(-7). Let k be 4/8 + (-242)/4. Let t = k + 84. Calculate the highest common factor of v and t.
12
Suppose 11 = -5*b - 4. Let h be b/(-2)*(-8)/(-6). Suppose r + 5*w + 1 - 13 = 0, 2*w = h*r. What is the highest common divisor of 5 and r?
1
Suppose -2*h - 4*b = -296, 0 = -2*h + 6*b - 9*b + 294. Calculate the highest common divisor of 72 and h.
72
Suppose -5*f - 6 = -4*f. Let s(k) = 3*k + 1. Let c be s(9). Let m be (3*-1)/(f/c). What is the highest common divisor of m and 14?
14
Let k = 4 + -4. Suppose k = -c + 18 - 0. Calculate the highest common divisor of c and 144.
18
Suppose -4*k - 4*c = -632, -4*k = 3*c - 205 - 431. What is the greatest common factor of 18 and k?
18
Let b be 87/2*70/21. What is the greatest common factor of b and 58?
29
Suppose -3*a - 5*i + 222 = -71, 2*i - 2 = 0. Let r = a - 11. Let j be 17*(-2)/(-2 - 0). Calculate the greatest common divisor of r and j.
17
Let n(v) = v + 1. Suppose k - 3*k = -2. Let p be n(k). Suppose 4*s - 33 = -9. What is the greatest common factor of s and p?
2
Let h = -28 + 38. What is the highest common factor of 290 and h?
10
Suppose -82 = -5*d + 28. Let m = 35 - d. Let j be (26/8)/(1/12). Calculate the highest common factor of m and j.
13
Let t be 7/14 + 6/4. Let h(d) = -4 + 0 - d**3 + 0*d**2 - d + 3*d - d**t. Let v be h(-3). What is the greatest common factor of v and 72?
8
Let n = 29 + -11. Suppose -3*t + 21 = 9*f - 6*f, t = 5*f - 47. Calculate the highest common factor of n and f.
9
Let t = 147 + -22. Suppose -f - 2*s + 111 = 0, 2*s + 3*s = f - t. What is the highest common divisor of 46 and f?
23
Let s be 2 - (-2 + 2 + 1). Let j be 2 + 9 + s - 2. What is the highest common factor of j and 50?
10
Let y(m) = -3*m - 15. Let i be y(-9). Calculate the highest common factor of 60 and i.
12
Let u(s) = -9*s - 9. Let h be u(-8). Calculate the greatest common divisor of 9 and h.
9
Let m be (-452)/(-10) - 8/40. What is the greatest common factor of 18 and m?
9
Let u(v) = -v + 12. Let n be u(12). Suppose 0*h - 2*h + 2*a + 330 = n, 0 = -2*h + 5*a + 321. What is the greatest common factor of h and 28?
28
Suppose -3*u + 139 = d + 30, 2*d + 4*u = 220. Suppose -d = -0*k - 4*k. Calculate the highest common factor of 4 and k.
4
Let f(l) = -2*l**3 + 5*l**2 - l - 3. Let i be (1 + -7)*(-1)/2. Let y be f(i). Let d be (-3)/y - (-39)/5. Calculate the highest common factor of 72 and d.
8
Let w be 1/4 + (-296)/32. Let y be 3 - (-3 + w) - -1. Calculate the highest common factor of 24 and y.
8
Let a be (3 - 7)*1 - -78. What is the highest common factor of 37 and a?
37
Suppose -2*u - 10 = -2*o, 0 = 5*o + 4*u + 7 - 41. Calculate the greatest common factor of 15 and o.
3
Let u = 129 - 124. Suppose -4*r + 2*r = -10. Calculate the greatest common divisor of r and u.
5
Suppose -178 = -4*u + 22. Let k = 22 - 2. Calculate the highest common factor of u and k.
10
Suppose -212 = -4*o - 5*p, -5*o + p = 2*p - 244. Calculate the greatest common divisor of 24 and o.
24
Let l be 17*3*(-2)/(-6). Let z = 363 - 210. Calculate the highest common divisor of l and z.
17
Let j = 24 + -2. Calculate the greatest common divisor of 121 and j.
11
Suppose 5*c - 4*c - 26 = 0. Calculate the highest common divisor of c and 208.
26
Suppose 4*t - 8 = 12. Suppose t*z - 13 = 2. Suppose 27 = z*m - 3*n, -3*m = -2*m + 2*n. Calculate the greatest common factor of 15 and m.
3
Let w = 58 + -40. What is the highest common factor of 72 and w?
18
Let x(q) = q**2 + 5*q + 6. Let l be x(-5). Suppose l*h - 2*h = 28. What is the highest common divisor of 63 and h?
7
Let m(b) = -b**3 + 5*b**2 + 7*b - 2. Let z be m(6). Suppose 0 = 4*r + 3*x + 4, 0 = -5*r + x + z + 10. What is the greatest common divisor of r and 5?
1
Let c 